{"id":713,"date":"2025-04-22T20:16:33","date_gmt":"2025-04-22T20:16:33","guid":{"rendered":"https:\/\/autosdeepoca.com\/nuevo\/?post_type=product&#038;p=713"},"modified":"2025-04-22T20:16:33","modified_gmt":"2025-04-22T20:16:33","slug":"cadillac-sedan-de-ville-1963","status":"publish","type":"product","link":"https:\/\/autosdeepoca.com\/nuevo\/product\/cadillac-sedan-de-ville-1963\/","title":{"rendered":"Cadillac sedan De Ville 1963"},"content":{"rendered":"<p>Cadillac sedan De Ville 1963, v8 caja autom\u00e1tica, vidrios y asiento el\u00e9ctrico, pintura de \u00c9poca, completo y original.<\/p>\n","protected":false},"excerpt":{"rendered":"<p>Cadillac sedan De Ville 1963, v8 caja autom\u00e1tica, vidrios y asiento el\u00e9ctrico, pintura de \u00c9poca, completo y original.<\/p>\n","protected":false},"featured_media":714,"comment_status":"open","ping_status":"closed","template":"","meta":[],"product_brand":[31],"product_cat":[30],"product_tag":[],"class_list":{"0":"post-713","1":"product","2":"type-product","3":"status-publish","4":"has-post-thumbnail","6":"product_brand-cadillac","7":"product_cat-cadillac","8":"post","10":"first","11":"instock","12":"shipping-taxable","13":"product-type-simple"},"_links":{"self":[{"href":"https:\/\/autosdeepoca.com\/nuevo\/wp-json\/wp\/v2\/product\/713","targetHints":{"allow":["GET"]}}],"collection":[{"href":"https:\/\/autosdeepoca.com\/nuevo\/wp-json\/wp\/v2\/product"}],"about":[{"href":"https:\/\/autosdeepoca.com\/nuevo\/wp-json\/wp\/v2\/types\/product"}],"replies":[{"embeddable":true,"href":"https:\/\/autosdeepoca.com\/nuevo\/wp-json\/wp\/v2\/comments?post=713"}],"wp:featuredmedia":[{"embeddable":true,"href":"https:\/\/autosdeepoca.com\/nuevo\/wp-json\/wp\/v2\/media\/714"}],"wp:attachment":[{"href":"https:\/\/autosdeepoca.com\/nuevo\/wp-json\/wp\/v2\/media?parent=713"}],"wp:term":[{"taxonomy":"product_brand","embeddable":true,"href":"https:\/\/autosdeepoca.com\/nuevo\/wp-json\/wp\/v2\/product_brand?post=713"},{"taxonomy":"product_cat","embeddable":true,"href":"https:\/\/autosdeepoca.com\/nuevo\/wp-json\/wp\/v2\/product_cat?post=713"},{"taxonomy":"product_tag","embeddable":true,"href":"https:\/\/autosdeepoca.com\/nuevo\/wp-json\/wp\/v2\/product_tag?post=713"}],"curies":[{"name":"wp","href":"https:\/\/api.w.org\/{rel}","templated":true}]}}